0
-577125 (base 8) to base 12
-95645
20112202201 (base 3) to base 8
373537
Convert -1020a4 (base 12) to base 15.
-4ebc7
Convert 10010010110001111010 (base 2) to base 14.
119158
Convert -13484 (base 15) to base 4.
-33011032
Convert 30020200233 (base 4) to base 13.
87490b
Convert -135423 (base 7) to base 10.
-25938
Convert 22311122001 (base 4) to base 5.
1211341233
Convert -18a38bb (base 14) to base 4.
-232220323031
Convert -1000110111001011101101 (base 2) to base 12.
-940525
What is -302ce3 (base 16) in base 7?
-35556502
Convert 10298 (base 16) to base 3.
10100210212
111212323100 (base 4) to base 8
25467320
217260 (base 12) to base 14
db664
Convert -ce75 (base 15) to base 9.
-66022
What is d66b49 (base 14) in base 15?
9806b3
Convert 10001101111100100010 (base 2) to base 4.
2031330202
Convert -32026 (base 15) to base 16.
-26bc5
What is 11211100112220 (base 3) in base 8?
11623171
Convert -33db78 (base 15) to base 16.
-25c9af
What is -45153623 (base 7) in base 15?
-52442e
Convert -446622 (base 7) to base 3.
-11000122100
What is -e55a (base 15) in base 9?
-73424
What is 2138485 (base 9) in base 7?
12520331
Convert 10001100211 (base 3) to base 13.
21439
-1341104311 (base 5) to base 3
-20111121212210
210106 (base 7) to base 12
18a5a
What is 868258 (base 14) in base 13?
c3668b
Convert 10101212120101 (base 3) to base 7.
21241054
What is -1102110121010 (base 3) in base 8?
-2706621
10020011200 (base 3) to base 9
106150
Convert -4892a (base 11) to base 15.
-15c8d
1775640 (base 8) to base 5
113220133
What is -12445b (base 16) in base 3?
-2020211011210
Convert -2596175 (base 12) to base 9.
-14848178
Convert -1111424 (base 8) to base 15.
-5dc66
Convert -42463 (base 9) to base 11.
-1a110
What is 4781304 (base 11) in base 3?
120200022221102
1131022221 (base 4) to base 8
1351251
-31f1e (base 16) to base 3
-101101121211
15b318 (base 14) to base 4
2321231322
108b53 (base 12) to base 2
1000000100001101111
Convert 1021050 (base 7) to base 13.
43ba5
111121123 (base 4) to base 10
87643
-10520214 (base 6) to base 13
-b3440
171503 (base 8) to base 4
33031003
251255 (base 9) to base 13
54164
543906 (base 10) to base 9
1018080
Convert 1013001132 (base 4) to base 5.
33302120
Convert -1404200234 (base 5) to base 15.
-4ac0ce
What is 1456434 (base 7) in base 14?
5281b
What is -202110122 (base 4) in base 13?
-4bca1
Convert 112908 (base 11) to base 12.
87a23
44676 (base 10) to base 14
123d2
What is 1010205 (base 7) in base 2?
11101010101011001
-1011000011111101001110 (base 2) to base 12
-b7a152
Convert e0e15e (base 15) to base 9.
22075518
What is 111111220111101 (base 3) in base 6?
413540101
-6150421 (base 7) to base 16
-b36c5
Convert -175068 (base 10) to base 15.
-36d13
What is 185757 (base 10) in base 12?
8b5b9
-2021201211021 (base 3) to base 7
-13220416
-23603c (base 14) to base 9
-2240231
Convert -29112b (base 13) to base 3.
-1212220112112
Convert 21415 (base 14) to base 11.
55432
1233203220 (base 4) to base 12
1a0520
Convert 1010120010 (base 3) to base 11.
15813
Convert -445111123 (base 6) to base 16.
-7b4dbb
What is -100705 (base 8) in base 12?
-17285
Convert -2733620 (base 8) to base 11.
-484a20
What is -4d9c13 (base 16) in base 13?
-1091103
Convert 1111221 (base 6) to base 11.
39106
397445 (base 11) to base 15
c51b7
-30425620 (base 7) to base 11
-1488948
Convert 320040030 (base 6) to base 13.
121293c
4375403 (base 9) to base 14
45361c
Convert 447e42 (base 15) to base 3.
20010222020222
What is 100011101000011110101 (base 2) in base 10?
1167605
Convert -2e703 (base 16) to base 3.
-100122220212
What is 252012 (base 9) in base 6?
3133232
What is -10000000100011111110 (base 2) in base 12?
-2148a6
What is -4056214 (base 7) in base 15?
-9897d
Convert 493227 (base 13) to base 6.
101254023
Convert -4c2b6 (base 14) to base 6.
-4002224
What is -1010100000101001 (base 2) in base 3?
-2012001102
Convert 82c27c (base 13) to base 16.
2e9abf
What is 11011102030 (base 4) in base 3?
2111200122211
-71a8dd (base 14) to base 6
-214050311
What is 11121121201222 (base 3) in base 15?
336bb5
Convert 2110202123 (base 4) to base 15.
c040b
344612 (base 9) to base 14
5551a
Convert 96c469 (base 14) to base 5.
2301322332
What is -c26c5 (base 13) in base 14?
-90d09
Convert -1630676 (base 10) to base 15.
-22326b
38679 (base 11) to base 8
154127
-5120204 (base 9) to base 13
-74751a
486733 (base 12) to base 14
2274b5
What is 104201 (base 10) in base 16?
19709
Convert 131203220 (base 4) to base 9.
204055
-412223 (base 8) to base 16
-21493
What is -266c5 (base 13) in base 3?
-10122001101
What is b6579 (base 13) in base 7?
2535065
Convert -170426 (base 10) to base 12.
-82762
What is -11104001344 (base 5) in base 9?
-24811874
Convert 146622 (base 9) to base 3.
11120200202
1465407 (base 8) to base 13
1195b0
Convert -421136 (base 10) to base 3.
-210101200122
What is -424748 (base 9) in base 13?
-8b118
Convert -122212031 (base 4) to base 7.
-632420
Convert 3331211334 (base 5) to base 10.
7288344
4033032 (base 6) to base 12
92778
64ce (base 15) to base 3
1002021112
Convert d9086d (base 15) to base 16.
9d9d3b
What is 12115421 (base 7) in base 6?
35051515
342151224 (base 6) to base 3
102210100222021
Convert -2351cd (base 15) to base 16.
-19c16e
What is -11101030231 (base 4) in base 15?
-1c437a
Convert -11224421230 (base 5) to base 3.
-212221212222010
Convert -325718 (base 11) to base 12.
-210a98
-2901971 (base 11) to base 15
-68a054
2011211101 (base 3) to base 6
530314
Convert 2c66d (base 16) to base 2.
101100011001101101
66a8d (base 14) to base 6
5200553
Convert 42498 (base 15) to base 16.
33575
-424323 (base 5) to base 9
-21601
Convert -351321351 (base 6) to base 14.
-c16da3
Convert 34aca (base 15) to base 11.
10509a
What is 30a5b3 (base 12) in base 11?
48252a
33a83c (base 15) to base 16
259f47
305142334 (base 6) to base 12
192a9aa
13210001200 (base 4) to base 7
22565026
What is 133885 (base 15) in base 4?
3201122210
Convert -74782 (base 12) to base 5.
-14400140
Convert -100002022101 (base 3) to base 12.
-875a7
Convert 3502500 (base 6) to base 2.
101011110100000100
What is 11011000100110000100 (base 2) in base 7?
10353336
-a1273 (base 11) to base 15
-2dd0d
Convert -48103a8 (base 11) to base 2.
-100000000000010010001110
Convert 13c67b (base 13) to base 6.
14214504
Convert 126106113 (base 7) to base 14.
111b3b3
-1309413 (base 11) to base 2
-1000101001100000110111
Convert -adc2e (base 16) to base 11.
-446804
-4365612 (base 8) to base 6
-41101030
What is -3131531 (base 7) in base 16?
-5c2df
-2023233320 (base 4) to base 14
-10c864
20086 (base 12) to base 6
520250
What is -10322201243 (base 5) in base 3?
-202221112110212
What is 20201022222 (base 3) in base 5?
13212231
What is -3221214 (base 6) in base 9?
-261261
What is -1000010101010001110 (base 2) in base 15?
-55d78
Convert 10372332 (base 9) to base 10.
5007773
4869933 (base 12) to base 4
311230133313
13021104 (base 5) to base 13
456c5
319355 (base 10) to base 12
13498b
-11021200100111 (base 3) to base 11
-1315760
What is 23241550 (base 6) in base 15?
e396c
302242013 (base 5) to base 10
1212133
What is -1ab0 (base 12) in base 14?
-12ba
Convert 123031303313 (base 4) to base 5.
3311300310
-43422122 (base 6) to base 9
-2381785
Convert 31042004 (base 5) to base 8.
755522
2330021023 (base 4) to base 9
1404101
585141 (base 11) to base 12
389898
-164c4 (base 13) to base 3
-2011102000
What is -435023 (base 6) in base 13?
-1356c
Convert 35771 (base 8) to base 3.
210001122
2c4949 (base 13) to base 4
10023200020
4a6b3 (base 12) to base 10
101223
What is -24711703 (base 8) in base 11?
-3101208
1824601 (base 11) to base 14
5a8050
What is 2934c3 (base 16) in base 3?
12002012100220
What is -11000000000101010 (base 2) in base 13?
-359c1
What is -10110111110101111100 (base 2) in base 6?
-24050112
What is -2a1b24 (base 16) in base 9?
-5165236
What is 40788 (base 9) in base 11?
19227
Convert 369386 (base 14) to base 8.
7103072
What is -143b648 (base 14) in base 2?
-100101011111010010110000
3b108 (base 13) to base 12
5380b
Convert -1caca2 (base 16) to base 5.
-440113302
-121202313 (base 4) to base 9
-168466
What is 102031201002 (base 4) in base 14?
8c3aca
25ec47 (base 15) to base 6
103014404
-7032174 (base 8) to base 3
-10110220120220
-5dda7c (base 15) to base 3
-22110200112200
C